
What is the highest common factor of 1120 and 45115?
35
What is the highest common factor of 2231 and 989?
23
What is the greatest common factor of 213600 and 267?
267
Calculate the greatest common divisor of 7716 and 66.
6
Calculate the highest common factor of 1417 and 65.
13
What is the highest common divisor of 67035 and 44472?
327
Calculate the highest common divisor of 72 and 877.
1
Calculate the greatest common factor of 24561 and 36.
9
Calculate the highest common divisor of 1871 and 226.
1
Calculate the greatest common divisor of 44744 and 2975.
119
What is the greatest common factor of 33118 and 116?
58
Calculate the greatest common factor of 188 and 405281.
47
What is the greatest common factor of 7070 and 3080?
70
Calculate the greatest common divisor of 13124 and 136.
68
What is the highest common divisor of 12 and 15839256?
12
What is the highest common factor of 3431052 and 108?
108
What is the highest common divisor of 33 and 1968?
3
What is the greatest common factor of 145140 and 9?
3
What is the highest common divisor of 2117 and 2044?
73
What is the greatest common factor of 19771 and 629?
17
Calculate the greatest common divisor of 845 and 1345.
5
Calculate the greatest common factor of 1648 and 12463.
103
Calculate the greatest common divisor of 945 and 1526.
7
What is the greatest common factor of 34789 and 474229?
1831
Calculate the highest common factor of 5022142 and 46.
46
What is the greatest common factor of 12 and 733068?
12
Calculate the highest common divisor of 68520 and 480.
120
What is the highest common factor of 84 and 2024274?
42
What is the greatest common divisor of 6 and 142?
2
What is the highest common factor of 560 and 1148?
28
Calculate the highest common divisor of 55396 and 176.
44
What is the greatest common divisor of 4558 and 222176?
106
What is the highest common divisor of 11682 and 130878?
198
What is the greatest common divisor of 198 and 74349?
99
Calculate the highest common divisor of 9 and 130851.
9
Calculate the greatest common factor of 286460 and 20.
20
Calculate the greatest common factor of 10225 and 75.
25
Calculate the greatest common factor of 5760 and 3600.
720
Calculate the highest common divisor of 180531 and 507.
39
What is the highest common divisor of 1577264 and 1872?
208
Calculate the highest common divisor of 2376 and 363.
33
What is the greatest common factor of 32384 and 264?
88
Calculate the highest common divisor of 384 and 145176.
24
What is the highest common divisor of 147 and 372729?
21
Calculate the greatest common factor of 68244 and 1128.
564
What is the greatest common divisor of 22320 and 72?
72
What is the highest common divisor of 1128 and 367869?
141
Calculate the greatest common divisor of 2902547 and 463.
463
What is the highest common divisor of 98 and 383768?
98
Calculate the highest common factor of 4294296 and 24.
24
Calculate the highest common factor of 5 and 17053.
1
What is the greatest common factor of 36356 and 22052?
596
Calculate the highest common divisor of 737 and 583.
11
What is the highest common factor of 110 and 24332?
22
Calculate the greatest common divisor of 525 and 32613.
21
Calculate the greatest common divisor of 18350 and 734.
734
What is the greatest common divisor of 18284 and 952?
28
What is the highest common divisor of 113763 and 897?
39
What is the greatest common divisor of 35811 and 18?
9
What is the greatest common factor of 4685619 and 93?
93
Calculate the highest common factor of 42858 and 288.
18
Calculate the highest common factor of 644 and 17486.
14
What is the highest common factor of 16907 and 7018?
319
What is the highest common factor of 145550 and 11360?
710
What is the highest common factor of 110523 and 2793?
399
Calculate the greatest common divisor of 45386 and 297.
11
Calculate the highest common divisor of 26 and 33514.
26
What is the highest common divisor of 900 and 16100?
100
Calculate the highest common divisor of 234 and 59657.
13
Calculate the highest common factor of 199094 and 70.
14
Calculate the highest common divisor of 11400 and 5000.
200
Calculate the highest common factor of 8687 and 2159.
17
Calculate the greatest common divisor of 587250 and 116.
58
Calculate the greatest common factor of 224 and 36512.
224
What is the greatest common divisor of 44128 and 3584?
224
Calculate the greatest common divisor of 27 and 3279.
3
Calculate the greatest common factor of 10500 and 26880.
420
Calculate the greatest common divisor of 290352 and 69.
69
What is the greatest common factor of 930 and 585590?
310
Calculate the highest common factor of 1166 and 51622.
106
Calculate the greatest common divisor of 48422 and 44.
22
Calculate the highest common factor of 2122466 and 118.
118
What is the greatest common factor of 13 and 1086410?
13
What is the greatest common factor of 384 and 1026?
6
Calculate the greatest common divisor of 297919 and 23.
23
What is the greatest common divisor of 1573 and 26455?
143
Calculate the highest common factor of 4 and 268308.
4
What is the greatest common divisor of 1854 and 144?
18
Calculate the highest common divisor of 6 and 289626.
6
What is the greatest common factor of 894114 and 936?
234
What is the greatest common divisor of 88 and 473528?
88
What is the greatest common factor of 4908 and 6672?
12
What is the greatest common divisor of 4628 and 1691?
89
Calculate the greatest common factor of 194028 and 1380.
276
Calculate the highest common factor of 114296 and 273.
91
What is the greatest common divisor of 955012 and 3598?
514
Calculate the highest common divisor of 256696 and 8.
8
Calculate the highest common factor of 770 and 24220.
70
Calculate the highest common divisor of 71019 and 18.
9
What is the greatest common factor of 969 and 715445?
323
What is the highest common factor of 29812 and 3084?
1028
Calculate the greatest common divisor of 48 and 23600.
16
Calculate the greatest common divisor of 120 and 8104.
8
What is the greatest common divisor of 189 and 338121?
189
Calculate the highest common divisor of 2447688 and 24.
24
Calculate the highest common factor of 19836 and 190.
38
Calculate the greatest common factor of 1768 and 696.
8
What is the highest common factor of 129 and 1690330?
43
Calculate the highest common factor of 4242 and 672.
42
Calculate the highest common factor of 34515 and 90.
45
What is the highest common factor of 195 and 17706?
39
What is the highest common divisor of 4998 and 1190?
238
What is the highest common divisor of 1028 and 2057542?
514
Calculate the greatest common divisor of 73083 and 187.
17
What is the greatest common factor of 1656 and 142488?
72
Calculate the greatest common factor of 416 and 9178.
26
What is the highest common divisor of 1853 and 17?
17
Calculate the greatest common factor of 1207 and 5041.
71
What is the greatest common factor of 2072 and 777?
259
What is the highest common divisor of 475704 and 360?
72
What is the highest common divisor of 4433 and 3007?
31
What is the greatest common factor of 198050 and 680?
170
Calculate the highest common divisor of 8 and 13691032.
8
What is the highest common factor of 1160645 and 5?
5
What is the highest common factor of 64 and 26?
2
What is the highest common factor of 1104 and 778872?
552
What is the greatest common divisor of 97875 and 10701?
261
What is the highest common factor of 574079 and 22?
11
Calculate the highest common factor of 790 and 15573270.
790
What is the highest common divisor of 31140 and 64?
4
Calculate the greatest common factor of 231658 and 42.
14
Calculate the highest common factor of 348232 and 551.
551
What is the highest common factor of 247968 and 42?
42
Calculate the greatest common divisor of 10833 and 16629.
69
What is the highest common factor of 6231 and 5092?
67
What is the highest common divisor of 312 and 10?
2
Calculate the highest common factor of 935 and 119.
17
Calculate the greatest common divisor of 4760 and 52955.
595
Calculate the highest common factor of 780 and 1280.
20
Calculate the highest common factor of 2568 and 444.
12
What is the highest common divisor of 220 and 332340?
20
What is the highest common divisor of 97 and 2425?
97
Calculate the highest common factor of 3035272 and 496.
248
W